mmon divisor of u and 35?
7
Let c(f) = -f**3 - 4*f**2 + 6*f + 6. Let x be c(-5). Suppose -v + 11 = x. What is the highest common divisor of 6 and v?
2
Let b(f) = -13*f - 2. Let i be b(-5). Calculate the greatest common factor of i and 462.
21
Let d be (-1)/(-2 + 27/15). Suppose -2*v = 3*t - 15, -6*t + 3*t - 45 = -2*v. Calculate the greatest common divisor of d and v.
5
Let b(u) = u**2 + 17*u + 49. Let w be b(-14). What is the highest common factor of 189 and w?
7
Let g = -10 - -33. Suppose -6*i = 3*i - 207. What is the highest common factor of g and i?
23
Let u = 4 - 0. Suppose 46 = 5*s - 2*p, s + 2*p = u*p + 6. Suppose 770 = -0*m + 7*m. What is the highest common factor of m and s?
10
Suppose -525 - 30 = -5*b. Calculate the highest common divisor of 3 and b.
3
Let x be (-2)/3 + 248/12. What is the greatest common divisor of 220 and x?
20
Let u = -21 + 35. Let h = u - 14. Let a be -1 + h + 89*1. Calculate the highest common divisor of 11 and a.
11
Let l(h) be the second derivative of -h**5/20 + 17*h**4/12 + 21*h**2/2 + 9*h. Let w be l(17). What is the greatest common factor of 14 and w?
7
Let d be (2688/36)/((-1)/(-12)). Calculate the highest common factor of d and 14.
14
Suppose 0 = -3*a - p + 924, 4*a - 910 - 320 = -2*p. Calculate the greatest common factor of a and 9.
3
Suppose 5*g = -15 - 0, -930 = 3*o - 5*g. Let m be o/(-14) - (-2)/(-4). Let t be (-8)/24 - (-67)/3. Calculate the greatest common factor of t and m.
22
Let a be (-116)/(-36) - (-10)/(-45). Let y be (-3)/((-36)/44)*a. Let o = -4 + 37. What is the highest common factor of y and o?
11
Let h be (0 - -1)/(5/50). Let t = h + -6. Let r be ((-1)/3)/((-13)/1248). What is the highest common factor of r and t?
4
Let l = 1 - -3. Suppose -160 = l*s - 628. What is the greatest common factor of s and 13?
13
Suppose 4*x - 441 = 3*u + 1311, -2*x + 4*u = -886. Calculate the highest common factor of 87 and x.
87
Suppose 0 = -3*b - r + 863, -3*b + 285 + 576 = 3*r. What is the highest common divisor of b and 18?
18
Suppose 3*k - 8*k - 3*o = -13, 2*k = o + 3. Suppose 4*d - k*y = 26, d + 3*y - 13 - 11 = 0. Calculate the highest common divisor of d and 27.
9
Let r be (21/(-6) - -2)*(-11 + 1). Let g be 24/20*r/2. What is the highest common divisor of g and 126?
9
Let k be (2304/45)/(3/45). Calculate the highest common divisor of 12 and k.
12
Let x = -1048 - -1057. Suppose 5*k - 4*c - 65 = 0, -4*k = k + 3*c - 30. Calculate the highest common divisor of k and x.
9
Suppose 5*m - 112 = 213. Suppose 11 = 7*y - 8*y. Let v = y + 37. Calculate the highest common factor of v and m.
13
Suppose -1 - 11 = -2*p. Suppose -6*c + 30 = 9*c. Suppose -c*s = 14 - 20. Calculate the highest common divisor of s and p.
3
Let r be (-4)/2 - -2*1. Suppose -2*i + 5*i - 270 = r. Suppose -2*b + 68 = -4*o, 143 = -0*b + 4*b - o. What is the greatest common divisor of i and b?
18
Suppose 0 = -m + 3 + 411. What is the greatest common divisor of m and 184?
46
Let t be (-1)/5 + (-561)/(-5). Suppose -4*x - 128 = -4*v, -7*v + 156 = -2*v - 4*x. What is the greatest common divisor of v and t?
28
Let h(b) = -15*b - 2. Let x(z) = -30*z - 4. Let g(q) = 11*h(q) - 6*x(q). Let c be g(5). Let j = 258 + -251. What is the greatest common factor of j and c?
7
Suppose x + 2*h - 8 = 21, 0 = x + 3*h - 27. Let l = 69 + -58. Calculate the greatest common divisor of x and l.
11
Suppose -2*u + 52 = -4*q, 6*u + 2*q - 46 = 5*u. What is the highest common divisor of 48 and u?
12
Let v be (-7)/49 + (-1690)/(-70). Calculate the greatest common factor of v and 3624.
24
Let z = -1 - 5. Let n(t) = 5*t - 1. Let u be n(-3). Let q be (u/z)/((-5)/(-30)). Calculate the greatest common divisor of q and 128.
16
Let x(m) = m**3 + 9*m**2 + m - 12. Suppose -3*z + 24 = -4*r, -30 = 5*r + 3*z - 5*z. Let o be x(r). Calculate the greatest common factor of o and 36.
18
Suppose -3*q + 86 = -4*c, -5*q - c + 128 = -0*c. Suppose 0 = -8*y - 366 + 1198. What is the highest common divisor of q and y?
26
Let r = 75 + -67. Calculate the greatest common factor of r and 6.
2
Let g be (8/(-4))/(2/2). Let h be 15/(g + 7/2). Let o(n) = 40*n**2. Let v be o(1). Calculate the highest common factor of h and v.
10
Let i(b) = -b**3 - 10*b**2 - b + 4. Let h be i(-10). Let q be (-36)/(-8)*(-112)/(-6). Calculate the greatest common divisor of q and h.
14
Suppose -43*l + 47*l = 0. Suppose l*f - 6*f = -168. Calculate the highest common factor of f and 2.
2
Let o = -125 - -260. Let m = o + -81. Calculate the greatest common factor of m and 36.
18
Let c = 84 + -80. Suppose q = c*q - 5*v - 48, 2*q - 3*v = 31. Calculate the highest common divisor of 44 and q.
11
Let y be 5/6*32*36/10. What is the highest common factor of y and 144?
48
Let n(l) = -l**3 + 6*l**2 + 15*l + 1. Let u be n(8). Let i = u + 35. Calculate the highest common factor of 4 and i.
4
Suppose -2*h + 17 = -5*r, -3*h + 19*r + 15 = 15*r. Calculate the highest common divisor of h and 23.
1
Let o = 668 + -588. Calculate the highest common divisor of 40 and o.
40
Let b = -13 - -33. Suppose 1 = r + 4*p, r - b = -r - 2*p. Let d = 439 - 426. Calculate the greatest common factor of r and d.
13
Suppose 0 = 123*l - 124*l + 77. Calculate the highest common factor of 7 and l.
7
Let q(o) = -o**3 - 11*o**2 - 8*o + 11. Let f be q(-10). Let m = -7 - f. Let t be (m/4)/((-3)/(-120)). Calculate the greatest common factor of t and 30.
10
Suppose 10*z - 7*z = 15. Let t be -3 + 20 - 5 - z. Suppose 5*g = 4*g - b + 2, -4*g + b + 33 = 0. Calculate the highest common divisor of g and t.
7
Let k = 15 + -3. Let o = k - 5. Suppose 0 = -8*d - 3199 + 3479. What is the greatest common divisor of d and o?
7
Let i(k) = 18*k**2 + 2*k + 2. Let h be i(-1). Let l be (h/(-20) - 3/(-6))*-80. What is the greatest common divisor of l and 4?
4
Suppose -a = -2*a + 180. Let d(p) = -2*p**2 - 3*p - 3. Let r be d(-4). Let x be 2/(-9) + (-75)/27 - r. What is the highest common factor of a and x?
20
Suppose 0 = -u + 340 - 294. What is the highest common factor of u and 138?
46
Suppose 5*v - 45 = -5*i, 3*v - i = 6*v - 17. Let g be (1/2)/(2/16). What is the highest common divisor of g and v?
4
Let x be 1/2*2 + -1. Let g = 9 - x. Suppose -2*m = -5*u + 115, -2*m + g = 3*u - 60. What is the highest common divisor of u and 23?
23
Let w be ((-3)/(-9))/(3/27). Let f = 13 - 27. Let k be (f/35)/((-3)/90). Calculate the highest common divisor of k and w.
3
Let c be (-4)/3 - 194/(-6). Let j = c + -22. Let o(i) = 24*i + 3. Let n be o(4). Calculate the highest common factor of j and n.
9
Let l be 13/((-455)/(-84)) + 2/(-5). Suppose 0 = 3*a + l*a - 30. What is the highest common divisor of 9 and a?
3
Let x(d) = -d**3 - 4*d**2 + 4*d - 2. Let r be x(-5). Suppose -i = -j - 7, -i + r*j - 5 + 20 = 0. What is the greatest common divisor of 1 and i?
1
Let j(z) = z**2 + 7*z - 2. Let o be j(-10). Suppose 4*d - 190 = -22. What is the highest common divisor of d and o?
14
Suppose 2*r + r - 513 = 0. Let s(v) = v. Let u be s(0). Suppose u = -4*n + 8*n - 76. Calculate the highest common divisor of r and n.
19
Suppose 7*v + v = -56. Let j(f) = 2*f**2 + 7*f - 23. Let l be j(v). Calculate the greatest common factor of l and 65.
13
Suppose f + 4*u + 119 = 0, 2*f - 35 + 255 = -2*u. Let a = -74 - f. Suppose -3*z + a + 15 = 0. Calculate the highest common factor of z and 64.
16
Let y be 1/(-4) - (-7 + (-27)/(-4)). Suppose -5*f - c + 107 = y, -4*f - 59 = -2*c - 153. Let i = 114 + -59. What is the highest common divisor of i and f?
11
Let b be (90/25)/((-39)/(-2080)). Calculate the greatest common divisor of 9 and b.
3
Let q(n) = n**2 - 26*n - 23. Let s be q(-7). Calculate the highest common factor of 32 and s.
16
Suppose -2*i - 14 = -k, -k + 3*i = -0*i - 10. Let a = 25 + -23. Calculate the highest common factor of k and a.
2
Suppose 960 = -911*j + 921*j. What is the greatest common divisor of j and 1056?
96
Suppose q + 14 = 214. Let y(z) = 161*z - 619. Let i be y(4). Calculate the greatest common divisor of i and q.
25
Suppose 4*k - 4*v - 41 = 3*k, 0 = 5*k - 4*v - 157. Calculate the highest common divisor of 1189 and k.
29
Let v = -129 + 339. What is the highest common divisor of 42 and v?
42
Let t(y) = y + 2. Let x(w) = w**3 + 10*w**2 - 10*w + 15. Let p be x(-11). Let n = -2 + p. Let b be t(n). Calculate the greatest commo